er when 212416437 is divided by 54.
39
Calculate the remainder when 9536992 is divided by 132.
124
Calculate the remainder when 14336 is divided by 13938.
398
Calculate the remainder when 128652 is divided by 2382.
24
What is the remainder when 9555156 is divided by 944?
932
What is the remainder when 194990 is divided by 63748?
3746
What is the remainder when 14631 is divided by 3512?
583
Calculate the remainder when 1536834 is divided by 2.
0
What is the remainder when 72524 is divided by 2682?
110
Calculate the remainder when 30445625 is divided by 2517.
2510
What is the remainder when 13713347 is divided by 2422?
2405
What is the remainder when 89622 is divided by 1546?
1500
What is the remainder when 3238955 is divided by 3926?
5
Calculate the remainder when 131680 is divided by 724.
636
What is the remainder when 174545 is divided by 192?
17
Calculate the remainder when 2973024 is divided by 63.
54
What is the remainder when 2872452 is divided by 301?
9
What is the remainder when 23302660 is divided by 266?
262
Calculate the remainder when 7118594 is divided by 44.
10
What is the remainder when 4379573 is divided by 90?
83
What is the remainder when 2804941 is divided by 146?
135
Calculate the remainder when 45234964 is divided by 2513053.
10
What is the remainder when 482187 is divided by 52?
43
Calculate the remainder when 204337 is divided by 9725.
112
Calculate the remainder when 175491 is divided by 25067.
22
What is the remainder when 437312 is divided by 349?
15
Calculate the remainder when 130534 is divided by 1199.
1042
What is the remainder when 4976118 is divided by 124?
122
What is the remainder when 179309 is divided by 1290?
1289
What is the remainder when 1973350 is divided by 293?
288
What is the remainder when 22629 is divided by 10893?
843
Calculate the remainder when 38561170 is divided by 105.
25
Calculate the remainder when 5767080 is divided by 4488.
0
Calculate the remainder when 711680 is divided by 177825.
380
What is the remainder when 270524 is divided by 2305?
839
What is the remainder when 21288 is divided by 19318?
1970
Calculate the remainder when 451625960 is divided by 3723.
3722
Calculate the remainder when 57283 is divided by 350.
233
Calculate the remainder when 1180784 is divided by 587.
327
Calculate the remainder when 141498940 is divided by 39.
37
Calculate the remainder when 1344421 is divided by 30555.
1
Calculate the remainder when 4921838 is divided by 403.
402
Calculate the remainder when 18429 is divided by 500.
429
Calculate the remainder when 44290650 is divided by 599.
590
Calculate the remainder when 2632236 is divided by 1913.
1861
Calculate the remainder when 2604698 is divided by 700.
698
What is the remainder when 19040579 is divided by 195?
194
Calculate the remainder when 5883956 is divided by 6.
2
Calculate the remainder when 2885788 is divided by 3585.
3448
What is the remainder when 5146303 is divided by 41170?
53
What is the remainder when 504442 is divided by 2776?
1986
Calculate the remainder when 3039309 is divided by 33.
9
What is the remainder when 265075 is divided by 51?
28
Calculate the remainder when 11986341 is divided by 772.
269
Calculate the remainder when 118453 is divided by 11229.
6163
Calculate the remainder when 26356 is divided by 414.
274
What is the remainder when 430609 is divided by 1757?
144
Calculate the remainder when 2299915 is divided by 46930.
345
Calculate the remainder when 817707 is divided by 315.
282
What is the remainder when 2068121 is divided by 2608?
2585
Calculate the remainder when 8972 is divided by 639.
26
What is the remainder when 107389 is divided by 3831?
121
What is the remainder when 585364 is divided by 713?
704
What is the remainder when 743165 is divided by 371582?
1
What is the remainder when 282374 is divided by 114?
110
Calculate the remainder when 4950107 is divided by 342.
341
What is the remainder when 17054 is divided by 10559?
6495
What is the remainder when 260011204 is divided by 115?
114
What is the remainder when 21304437 is divided by 2070?
2067
Calculate the remainder when 4771149 is divided by 874.
857
Calculate the remainder when 9248989 is divided by 1115.
64
What is the remainder when 77387 is divided by 77381?
6
What is the remainder when 79932401 is divided by 561?
560
What is the remainder when 698848 is divided by 5417?
55
Calculate the remainder when 11165769 is divided by 54467.
34
What is the remainder when 797071 is divided by 7?
2
Calculate the remainder when 73897355 is divided by 329.
7
Calculate the remainder when 6402309 is divided by 126.
123
Calculate the remainder when 66389 is divided by 1005.
59
What is the remainder when 2643609 is divided by 2120?
2089
Calculate the remainder when 372579 is divided by 316.
15
What is the remainder when 1442975 is divided by 337?
278
What is the remainder when 12598 is divided by 4065?
403
What is the remainder when 271300 is divided by 3297?
946
What is the remainder when 2311881 is divided by 17?
0
Calculate the remainder when 1393182 is divided by 254.
246
What is the remainder when 273364 is divided by 18218?
94
What is the remainder when 430838 is divided by 215042?
754
Calculate the remainder when 2176279 is divided by 127.
7
Calculate the remainder when 24947 is divided by 4015.
857
What is the remainder when 1445943 is divided by 61?
60
What is the remainder when 289764 is divided by 161?
125
What is the remainder when 48791 is divided by 8032?
599
What is the remainder when 34234 is divided by 8526?
130
What is the remainder when 47522 is divided by 708?
86
What is the remainder when 2484069 is divided by 13355?
39
What is the remainder when 11489344 is divided by 6?
4
What is the remainder when 44568121 is divided by 1310827?
3
Calculate the remainder when 12739262 is divided by 749364.
74
What is the remainder when 29287 is divided by 6670?
2607
Calculate the remainder when 1395807 is divided by 10967.
2998
Calculate the remainder when 4756642 is divided by 7251.
7237
Calculate the remainder when 123145015 is divided by 107.
106
What is the remainder when 31765274 is divided by 1466?
1452
Calculate the remainder when 1152958 is divided by 31.
6
What is the remainder when 18932217 is divided by 7775?
92
Calculate the remainder when 188872 is divided by 3096.
16
What is the remainder when 3353 is divided by 946?
515
What is the remainder when 3296100 is divided by 1648048?
4
What is the remainder when 2290500 is divided by 2807?
2795
What is the remainder when 18807 is divided by 6252?
51
What is the remainder when 3845911 is divided by 3845712?
199
Calculate the remainder when 601530203 is divided by 235.
233
Calculate the remainder when 657829 is divided by 869.
865
Calculate the remainder when 56323199 is divided by 24.
23
What is the remainder when 32612811 is divided by 78?
75
What is the remainder when 32869171 is divided by 16434580?
11
What is the remainder when 51502772 is divided by 315?
272
What is the remainder when 5399911 is divided by 16363?
121
What is the remainder when 567298694 is divided by 5?
4
What is the remainder when 312118 is divided by 5889?
1
What is the remainder when 10193549 is divided by 12049?
95
What is the remainder when 273999 is divided by 273973?
26
What is the remainder when 5449799 is divided by 3100?
3099
Calculate the remainder when 854092 is divided by 725.
42
Calculate the remainder when 640473 is divided by 3618.
87
What is the remainder when 1927828 is divided by 419?
9
What is the remainder when 67250262 is divided by 17?
13
Calculate the remainder when 3887941 is divided by 971981.
17
What is the remainder when 7892176 is divided by 1523?
1513
What is the remainder when 34963 is divided by 2293?
568
Calculate the remainder when 158952736 is divided by 2289.
2287
Calculate the remainder when 124810 is divided by 992.
810
Calculate the remainder when 19571624 is divided by 13233.
17
Calculate the remainder when 10271137 is divided by 5110.
37
Calculate the remainder when 39766 is divided by 1293.
976
What is the remainder when 1033229 is divided by 277?
19
Calculate the remainder when 4515979 is divided by 176.
171
Calculate the remainder when 1052010 is divided by 1377.
1359
Calculate the remainder 